hen 16 is divided by 4 + m/v - 4.
4
Let d(l) = -l + 83. Suppose -2*r - 87 = -29*u + 32*u, u = -5*r - 185. Calculate the remainder when d(r) is divided by 20.
19
Let d(j) = j**3 + 14*j**2 - 15*j - 46. Let l be d(-12). Suppose 472 = 2*q + l. What is the remainder when q is divided by 4?
1
Let l(j) = j**3 + 13*j**2 + 13*j + 14. Let z be l(-12). Suppose -242 = -z*x + 238. Let i = 384 - x. Calculate the remainder when i is divided by 37.
33
Let t = 152 - 107. Let g = -4144 + 4150. Suppose -9 - t = -g*j. What is the remainder when 80 is divided by j?
8
Suppose -5*r = -3*q + 1823, -5*r - 180 - 441 = -q. What is the remainder when q is divided by 122?
113
Let n(q) = 10*q - 7. Let d be n(0). Calculate the remainder when (-4)/14*d + 102 is divided by 15.
14
Suppose -2 + 0 = -2*z. Suppose 54*t + 6 + 48 = 0. What is the remainder when 80 is divided by z*3 - t*(28 + -3)?
24
Let b(x) = x**3 + 6*x**2 - 11*x - 13. Let v be b(-6). Let a = v + 249. What is the remainder when a is divided by 76?
74
Let s be (-1)/(((-5)/(-10))/((-98)/(-4))). What is the remainder when 332 is divided by 21/(-9)*-3 - s?
52
Let v be (28/35)/((-2)/(-20)). Let j(y) = y**2 - 4*y - 7. What is the remainder when j(v) is divided by (-2 - 0)/((-8)/36)?
7
Suppose -4*p + 326 = 2*o - 1292, 4*o + 5*p = 3248. What is the remainder when o is divided by 135?
7
Calculate the remainder when 434 is divided by -2 + 18 + (31 - 30).
9
Let a be 645/(-12) + (-2)/8. Let y = -52 - a. Suppose -x - 5*p = -2, -x + 5 + 0 = y*p. Calculate the remainder when 25 is divided by x.
4
Calculate the remainder when (4654/39)/((-24)/9 + 3) is divided by 23.
13
Let z(i) be the second derivative of 0*i**3 + 0*i**4 - i + 2*i**2 + 0 - 1/5*i**5. What is the remainder when 105 is divided by z(-2)?
33
Let l(n) = -n**3 + 21*n**2 - 36*n - 33. Let b be l(19). Suppose -80 = -4*c + 2*q, -5*c + 9 = -b*q - 91. What is the remainder when 76 is divided by c?
16
Let c(b) = -b**3 + 7*b**2 + b + 3. Let k = -406 - -437. Suppose 6*s - 4*m - 24 = 0, -5*s - 10 = -3*m - k. Calculate the remainder when c(7) is divided by s.
4
Let z(k) = -k**2 + 41*k + 114. Let i(g) = -g**2 - 17*g - 28. Let a be i(-10). Calculate the remainder when z(a) is divided by 146/10 - (-4)/10.
12
Suppose 2*s + 23*j = 20*j + 227, j + 207 = 2*s. What is the remainder when s is divided by 14?
8
Suppose 0 = -2916*k + 2909*k + 7245. What is the remainder when k is divided by 148?
147
Let a = -37 - -77. Let p be (4/6)/((-42)/(-20034)). Suppose -2*z + p = -0*z. Calculate the remainder when z is divided by a.
39
Suppose 33*u = 5*u + 26684. Let r = -826 + u. Calculate the remainder when r is divided by 116.
11
Suppose 5*k + 2 = -273. Suppose -5*p = -3*s + s + 135, 3*s + 2*p = 193. What is the remainder when s is divided by -2*(-3 + k/10)?
14
Let j = 6412 + -5943. What is the remainder when j is divided by 102?
61
What is the remainder when 0 + (-222)/(-3 + 1) is divided by (-152)/(-11) + 12/99*6/4?
13
Suppose p - 3 - 5 = 0. What is the remainder when 23 + (1 - -4 - 0) is divided by p?
4
Suppose -2*i - 72 = -q, 4*q + 21*i - 17*i = 228. Calculate the remainder when 2602 is divided by q.
60
What is the remainder when 876 is divided by (-1925)/(-175) + 100 + -1?
106
Let k be (495/(-6))/((-6)/8). Let y = k - 46. Suppose -5*f + y = -41. What is the remainder when 39 is divided by f?
18
Calculate the remainder when 83 is divided by 2576/138*(-9)/(-6).
27
Suppose 0 = -823*i + 754*i + 32430. What is the remainder when i is divided by 71?
44
Let u(y) = 5*y**2 + 36*y + 32. Calculate the remainder when u(-13) is divided by 67.
7
Suppose -744 = l - 7*l. Let r be l/(-8) - 6/(-4). Calculate the remainder when 53 is divided by (36/r)/(8/(-7) + 1).
17
Let w = 2905 + -1735. Calculate the remainder when w is divided by 69.
66
Suppose 6*b = 658 - 562. Calculate the remainder when 185 is divided by b.
9
Suppose 146 = 5*k - j + 17, -3*j = 12. Suppose 100*p + 169*p + 36*p = 5185. Calculate the remainder when k is divided by p.
8
Suppose -72 = -v + 5*g, 115 = 3*v - 2*g - 62. What is the remainder when 290 is divided by v?
5
Let z = -318 - -366. Suppose w - 44*b - 26 = -z*b, b = -3*w + 89. What is the remainder when w is divided by 27?
3
What is the remainder when (-10)/(-8) - (1 + 1395/(-20)) is divided by 26?
18
Let a be 15 - -307 - (-2 - -9). Calculate the remainder when -7*(-10)/a - 950/(-18) is divided by 37.
16
Let o(y) = -2*y**3 - 23*y**2 + 1702*y + 56. Suppose -s - 123 = -4*r, -r + 2*r + 2*s = 42. What is the remainder when r is divided by o(24)?
0
Let m be (-8)/(-3) + (-70)/42. Calculate the remainder when 33 is divided by ((4/(-6))/(-2))/(m/27).
6
Let p(v) = 336*v**2 + 47*v - 22. What is the remainder when p(3) is divided by 286?
283
Let w be 14 + (0 - 13) - -3*1. Suppose -f + w = -92. Calculate the remainder when f is divided by 58.
38
Suppose -27*r - 314620 + 315133 = 0. Suppose 0 = 5*k - 4*f - 37, -4*k + 2*f = -24 - 2. What is the remainder when r is divided by k?
4
Let w(k) = -3*k**2 + 29*k - 8. Let h = 455 + -311. Suppose h = 12*l + 36. What is the remainder when 26 is divided by w(l)?
6
Let l(o) = -o**3 + 7*o**2 - 2*o + 14. Let y be l(7). Suppose -2*u - 5*u + 427 = y. What is the remainder when u is divided by 1 + -4 + 3 + 8?
5
Let i = 6904 - 6874. What is the remainder when 12087 is divided by i?
27
Let f = -269 - -251. Calculate the remainder when 88 is divided by 5/(22/f + (-60)/(-45)).
43
Let q(r) = -r**2 - 114*r + 2163. Calculate the remainder when 3313 is divided by q(-130).
76
Let x(t) = 19*t**2 + 11*t + 16. Calculate the remainder when 169 is divided by x(-2).
29
Suppose -4*g + 504 = 4*q, 2*g - 386 = -3*q - 6. Let o(x) = -x**2 + 16*x - 27. Calculate the remainder when q is divided by o(8).
17
Let x(d) = -17*d + 74. Let v be x(6). What is the remainder when 67 is divided by -2 + -1 + 7/(v/(-80))?
16
Let s = -537 + 594. Calculate the remainder when s is divided by 18.
3
Let j = 376 - 262. Let o(w) = -2*w**2 + 31*w - 76. Let k be o(22). Let b = -333 - k. Calculate the remainder when j is divided by b.
27
Suppose t + 1 = 2*d, 5*d - 35 + 10 = -2*t. Suppose 188 = 4*g + t*q, 4*g - 161 = -3*q + 19. Calculate the remainder when 108 is divided by g.
24
Suppose 18 = o + 2*z - 34, 256 = 4*o - 4*z. Suppose 261 - o = 3*v. What is the remainder when v is divided by 18?
13
What is the remainder when 400 is divided by 12/2*(-8339)/(-1614)?
28
Let h = -38 - -35. Let j(t) = t**2 + 3*t. Let v be j(h). Calculate the remainder when 20 is divided by 8 + 1 + v + 0 + -2.
6
Let q(h) = h + 3. Let o(x) = 15*x - 106. Let s(p) = o(p) - 6*q(p). What is the remainder when s(27) is divided by 11?
9
Suppose 2*s + 0*s = a + 702, 5*a + 1745 = 5*s. Suppose -t - s = -4*n - 6*t, 5 = t. Calculate the remainder when n is divided by 21.
19
Suppose -i - 38 = -9. Suppose 14*u - 15*u + 38 = 0. Let g = u + i. What is the remainder when 14 is divided by g?
5
Let o(a) = 2*a**2 + 63*a + 69. Let u be o(-28). Let c = 172 + u. What is the remainder when c is divided by 10?
5
Let y = 214 + -112. Suppose 333*r - 588 = 305*r. Calculate the remainder when y is divided by r.
18
Suppose -28*z + 25*z = 3*j - 264, 0 = 2*j + z - 177. What is the remainder when 199 is divided by j?
21
Let o(x) = 3*x**2 - 19*x. Calculate the remainder when o(7) is divided by 14.
0
Suppose 0 = 333*x - 253*x - 510703 - 224737. What is the remainder when x is divided by 76?
73
Let c be (2 + -4 - -6) + 0. Suppose -c*m = -m - 51. Calculate the remainder when m is divided by ((-4)/12)/(69/(-1053)) + 46/(-529).
2
Let f(c) = c**3 + 31*c**2 - 32*c - 16. Let k be f(-32). Calculate the remainder when 373 is divided by 5 + 83/4 + 12/k.
23
Let m(t) = -3*t - 3. Suppose -2*o - 4*o = -24. Suppose 4*y - 5*u + u = 40, o*u - 20 = -2*y. Calculate the remainder when y is divided by m(-2).
1
Let a(y) = -14*y**2 + 139*y - 57. What is the remainder when a(9) is divided by 27?
6
Suppose -2*j - 3*x - 10 = -0*x, 2*x = 3*j + 2. Calculate the remainder when (j - (-22)/8)/((-8)/(-1056)) is divided by 26.
21
Suppose -3*k + 38873 = 2*h - 19664, 2*h = -5*k + 97563. What is the remainder when k is divided by 22?
21
Let f(d) = 52*d - 4. Let s be (2/(-4))/(8/(-96)). Suppose 156 + 78 = s*x. What is the remainder when f(3) is divided by x?
35
Let x be -6*6/(-162) - (-25)/9. Suppose -19*u = x